- (-6 - -7).
-14
What is -7 + (-15 - (2 - 3)) + 22 + -17?
-16
-16 - 50 - -150 - 75
9
Evaluate -9124 + 8991 - (-52 + -1).
-80
What is (86 - (117 - 31)) + (-1 - (2 - 54))?
51
What is 55 - (-108 + 38 - -108)?
17
What is -34638 + 34553 + (63 - 0)?
-22
Calculate 153 + -149 + 4 + (3 - 6).
5
-36 + 37 + (34 - -1)
36
Calculate (38 - (58 - -51) - (1 - (18 + -3))) + 6.
-51
Evaluate 17 + 4 - -31 - 63.
-11
Evaluate (-1 - (-27 - (-23 + 9))) + 0.
12
What is the value of -38 - (15 - -4 - 14 - (6 - 6))?
-43
(-4789 - -4770) + 0 + -32 + 0
-51
Calculate (-93 + 161 - 103) + (9 - -3).
-23
Evaluate -132 + 44 + (-26 + 6 - -5).
-103
Evaluate (160 - 160) + -10 + (-8 - -87).
69
Evaluate (-55 - -10) + (-9 - -42) - 31.
-43
What is (-7 - -4 - 5) + -1 + -25?
-34
What is the value of 57 + (2 - ((10 - -2 - 18) + 1 + 8))?
56
Evaluate 18 + 0 + 1485 + -1451.
52
8 + (3 - (4 + -1 + 1)) + -468 + 415
-46
-4 + -5 + (46 - -3)
40
What is the value of 16 + 6 + -1 + -49 + (-8 - -5)?
-31
What is -155 + 89 + -48 - -49?
-65
Calculate 6 + (6 - -9) + 0 + -75.
-54
What is 0 + 30 - (-64 + (164 - 96))?
26
What is the value of -40 - (13 - -68 - 49)?
-72
(-16 - -13 - 5) + (8 + -7 - -5 - -2)
0
Calculate 10 + -15 + (24 - -33) - (-2 + 0 + 0).
54
What is -1 + (59 - (-26 - -43))?
41
Calculate 0 + 13 + (-86 - -162) + 1 + -4 - 9.
77
What is -30 - (14 + (37 - 63 - -18))?
-36
What is 57 - 55 - (-51 - -25)?
28
Evaluate -34 - (33 + -97 + 61).
-31
Calculate -22 + ((17 - 18) + 9 - -8) + -104.
-110
Evaluate -63 + (105 - (31 - -20)).
-9
What is 24 + -52 - (-783 + 853)?
-98
27 + -8 + (133 - 111 - 6)
35
What is 47 + (-20 + 9 + -3 - (3 + -25))?
55
Calculate 4 + (435 - 450) + 4 + 0 - -51.
44
Evaluate 41 + -53 + 57 + -59.
-14
Evaluate -12 - -10 - (-6 - (-2 + 3 - (3 + -63))).
65
2 + 1 + 61 + -18 + 42
88
Calculate (0 + -44 - (21 - (-24 + 20) - 27)) + -3.
-45
What is the value of -3 + -58 + 5 + (-3 - (-4 + -10 - -8))?
-53
What is the value of -35 + (0 - 0) + 6 + (-7 - -8 - -4)?
-24
Evaluate (21 - (51 - (-27 - -49))) + 118.
110
(-28 - (17 - 48)) + (-4 - (6 - 1))
-6
Evaluate 17 - 0 - (123 + (26 - (28 - -19))).
-85
What is the value of 14 - (4 + -7 + 22) - (-3 + (-1 - -37))?
-38
What is the value of (6 - (1 + 1)) + 123 - (76 + -32 + -30)?
113
Calculate -94 - (-26 - (8 - -50)).
-10
(-12 - -2) + (-1 + -1 + 1 - (-2280 - -2285))
-16
What is the value of (243 - (413 - 155)) + 1 + 0 + -61?
-75
What is the value of (-47 - (-1 + 4)) + (-29 - (-71 - -44))?
-52
Evaluate (49 - (22 + -13)) + -1 - (21 - 5).
23
-9 + 0 - (-1 - (4 + 8 + -4))
0
What is -98 + (50 - (-8 - -2))?
-42
Evaluate 0 - 1 - 7 - (-451 + 425 - (-57 - -3)).
-36
What is (16 - (12 + -7)) + (3 - (1 + 3 - 2))?
12
Calculate 9 + -3 + (71 + -41 - 55).
-19
Calculate 37 - 33 - (18 + -38).
24
What is (-1 - 47) + (192 - 228 - (3 - 25))?
-62
What is 14 + (-54 - -67 - -18)?
45
What is the value of -10 + -2 + -74 + 51 + -8?
-43
What is the value of 1 + 6 + -18 - -1 - (-4 - -33)?
-39
What is -25 + (-18 - 13 - -129 - -22)?
95
-62 - (-171 - -77) - -27
59
-9 + 41 + -19 + -22 + -3 + -9
-21
Evaluate (32 + -56 + -26 - -26) + (-11 - -1).
-34
What is the value of (-5 - (2 + -11) - -4) + (41 - (-3 + 6))?
46
Calculate -33 + -2 + 107 + -56.
16
Calculate -185 - -254 - (2 - -20).
47
Evaluate 16 + -14 - (4 + -4 - -3 - -37 - 7).
-31
Evaluate 37 + (-36 + (42 - 10) - 145).
-112
What is the value of -238 + 167 + 1 + 36?
-34
(-5 - 8) + -3 + 2 + -12 + (155 - 149)
-20
Calculate 79 - (-95 - 4) - 69.
109
What is the value of (-19 - 0) + -100 + 120 + (-12 - 22)?
-33
6 - ((21 - 16) + -15 + -2 + 2 + 35)
-19
Evaluate (61 - 5) + (-9 - 67).
-20
What is the value of 52 - (120 + 28 + -78)?
-18
40 + (-25 - (-6 + 6)) + 5
20
Evaluate -5 + 1 + -12 + -4 + 244 + -156.
68
Evaluate -59 - (54 - 157) - 103.
-59
Calculate 0 + 2 + 111 - (191 + -81 + -89).
92
Calculate 56 + (3 - (-25 + 14) - 38).
32
What is (-68 - -22 - -45) + -55 + 4 + -2?
-54
Evaluate 50 - -1 - (-619 - -773).
-103
-9 - ((36 - 39) + -7 - -45)
-44
0 + 41 + 50 + -61 + (5 - 3)
32
Calculate -32 + -40 + 77 + (-2 - 4) - 29.
-30
What is the value of -10 - (20 - 34) - (1 + -3 + 14)?
-8
What is the value of (-5 - -2 - 23 - (-5 - 3)) + (45 - 38)?
-11
What is the value of -165 - (-102 - -93) - -250?
94
What is 116 - 146 - (-8 - 65)?
43
What is the value of -6 + (0 - (-15 - -12)) + -2 + -5?
-10
What is 5 + (-37 + -4 + 10 - (0 + -13)) + -83?
-96
Evaluate -21 - ((4 - 56) + 22) - -24.
33
What is 26 - (-8 - (-5 - (0 - (6 + -1 + -3))))?
31
Evaluate -1691 + 1700 + (3 - -2) + 3.
17
(-17 - -19) + -25 + 25 + -18
-16
What is 40 + (10 - 1 - 1) + -70 + -19 + 76?
35
What is (1 - -1 - -20) + -3960 + 3960?
22
What is the value of 8 - (16 + (19 - (0 - -7)) + -11 + 8)?
-17
2 - ((-18 - -47 - 46) + 0 + -70)
89
Evaluate 57 + 2 + 0 + (64 + -114 - -36).
45
10 + (-3 + -3 + 21 - (211 - 144))
-42
What is the value of -9 + 47 + -49 - (1 - -3)?
-15
What is the value of (-12 + -2 + 20 - 15) + (-5 - (5 - -19))?
-38
Evaluate (17 + -1 - (3 - -3)) + (55 - 7) + -54.
4
Calculate 38 - ((3 + -4 - -17) + -117 + 107).
32
What is 56 + -7 + -32 + 15 - (-1 + 0)?
33
Evaluate -22 - (74 + -15 + -45).
-36
What is (4 - -10 - (0 + 3)) + -4 + (0 - 106)?
-99
Calculate 16 + 97 + -108 + 135.
140
Evaluate 63 + (2 - -7) + 68 + (-28 - 59).
53
What is the value of -14 - (-7 + 11) - (44 + -3 + 2)?
-61
Evaluate -14 - (30 - 18 - -35 - 1 - (-2 - 4)).
-66
What is 24 + -30 + (9 - (9 - 3) - -3)?
0
What is the value of 93 + (-64 - 73) + 43?
-1
What is (-1 - 18 - -27) + (4 - 7) + -35?
-30
What is the value of -61 - 54 - -125 - 145?
-135
Calculate 72 + -1 + 98 + -86 + -5.
78
What is the value of (-6492 - -6397) + (-3 - (-35 - 0))?
-63
Calculate 5 + 4 - (1 - 8) - (4 + -5 + 0).
17
Calculate -9 + (1 - 2) - 0 - (7 + 20 + -26).
-11
4 - (6 - (-7 - (-4 - 18))) - 5
8
What is the value of -5 + (-11 + 28 - 12 - 8) - -9?
1
Calculate -12 + (22 - -4) + (-21 - (19 - 29)).
3
What is the value of (14 + 7 - 44 - 20) + (0 + 6 - 8)?
-45
3 - (0 + -13 + 12) - -59 - 5
58
Evaluate (2353 - 2312) + (1 - 51).
-9
Calculate (-4 - -14) + (429 - 422) - -20.
37
What is the value of -25 + 125 + (-1 - 17) + 27?
109
Calculate (6 - -12) + -62 + 9 + 5 + -2.
-32
2013 + -2008 - (-8 - -3 - -3 - -1)
6
Evaluate 12979 + -13061 - (2 + (-2 - 0)).
-82
What is -6 + 1 + 0 + -5 - (29 - -87 - 40)?
-86
Evaluate (115 - 113) + (1 - 6) - (-12 - 2).
11
Calculate -86 + 95 + -45 - (-13 + 54).
-77
What is the value of 42 - (-5 + -10 - -25) - 21?
11
Evaluate 67 + (-165 - (-60 - -64)).
-102
What is 151 + 1 + -3 + -1432 + 1422?
139
What is -44 + (11 + (9 - (4 + 10)) - -8)?
-30
Evaluate -53 - (-31 + 3 + 20 + (-2 - 2)).
-41
Calculate 3 + 1 + (-41 - -78 - 47) - -37.
31
Evaluate -19 + (8 - -4 - -10 - 12).
-9
22 - ((17 - 43) + 12)
36
Calculate (-119 - -183) + -63 - -91.
92
What is the value of -64 - (24 + -6 + -4 + -21 + 20)?
-77
Evaluate 4 - (43 + ((-2 - -1) + -2 - (25 + -31))).
-42
What is -82 + 27 + (18 - 35 - -26)?
-46
Evaluate (-3 - -28) + 12 - (28 - -93).
-84
(17 + -8 - (18 + -9) - -21) + -9 + 14
26
-8 - (80 + (2 + -19 - (-495 - -455)))
-111
What is (14 - 0) + -13 + 28 + -27 - (-6 + 0)?
8
Calculate -14 + -1 - (351 + -371 + -41 + -8).
54
Calculate (5 - ((-4 - -20) + -19 + 4)) + 22.
26
Calculate -1 - -111 - (-15 + (-10 - -39 - -1)).
95
Evaluate -116 - 0 - (85 + -202 - -109).
-108
(4 - -12) + -2 + (5 - 3 - -9)
25
-161 + -487 + 631 - (-1 + 0 + -5)
-11
Calculate -9 + 23 - (14 + (-15 - -56) - -11).
-52
What is the value of 494 + -600 + (-3 - (-4 - 4)) - (-3 + -4)?
-94
Calculate 0 + -29 + 1 + -12 + (6 - 4).
-38
Evaluate -103 + -8 - (-222 - -104).
7
-173 + 4 + 88 + 139
58
Calculate (-218 - -274) + -1 + 9.
64
What is 97 - (-502 + 490 - (-2 - 47))?
60
Evaluate 152 + -293 + (287 - -4).
150
What is -1 + -160 + -5855 + 5939?
-77
Evaluate (74 - 8) + 88 + -148 + -84 + -2.
-80
6 + -21 - ((-15 - 9) + 15) - -62
56
52 + (29 - (-1 - -44) - -39)
77
What is -8 - (-24 - -10) - (-11 - (-5 - -2) - -41)?
-27
Evaluate (0 - -1 - (5 - 16)) + (-68 - -51 - -68).
63
What is (7 - (18 + -8)) + 9 + (-33 - (25 + -16))?
-36
Evaluate -13 + (-52 - -58) + -13 + -1.
-21
Evaluate 77 - (-63 + 163) - 44.
-67
-84 - (1 - (-34 - (16 - 15)))
-120
Evaluate -4 + -1 + 16 + 422 + -445 + 121.
109
Calculate -118 - (-91 + (30 - 11)).
-46
Evaluate 167 - (-33 + -25 + 153).
72
What is 80 + (27 - -14 - (103 + -52))?
70
Calculate -53 + 36 + -9 - -